ided by 212.
205
Calculate the remainder when 1047 is divided by 1028.
19
Calculate the remainder when 103 is divided by 98.
5
Calculate the remainder when 69 is divided by 60.
9
Calculate the remainder when 447 is divided by 48.
15
What is the remainder when 553 is divided by 553?
0
Calculate the remainder when 1679 is divided by 7.
6
Calculate the remainder when 2608 is divided by 174.
172
Calculate the remainder when 234 is divided by 71.
21
Calculate the remainder when 719 is divided by 54.
17
Calculate the remainder when 724 is divided by 32.
20
Calculate the remainder when 4663 is divided by 18.
1
What is the remainder when 132 is divided by 18?
6
What is the remainder when 398 is divided by 54?
20
Calculate the remainder when 298 is divided by 161.
137
What is the remainder when 86 is divided by 7?
2
Calculate the remainder when 898 is divided by 100.
98
What is the remainder when 1505 is divided by 126?
119
Calculate the remainder when 212 is divided by 54.
50
What is the remainder when 45 is divided by 23?
22
What is the remainder when 176 is divided by 19?
5
Calculate the remainder when 88 is divided by 10.
8
What is the remainder when 224 is divided by 40?
24
Calculate the remainder when 1511 is divided by 15.
11
What is the remainder when 1189 is divided by 231?
34
What is the remainder when 1343 is divided by 28?
27
What is the remainder when 40 is divided by 9?
4
What is the remainder when 207 is divided by 52?
51
What is the remainder when 211 is divided by 205?
6
Calculate the remainder when 339 is divided by 17.
16
Calculate the remainder when 70 is divided by 12.
10
Calculate the remainder when 41 is divided by 21.
20
Calculate the remainder when 5532 is divided by 69.
12
Calculate the remainder when 210 is divided by 35.
0
Calculate the remainder when 55 is divided by 6.
1
What is the remainder when 5239 is divided by 10?
9
What is the remainder when 1272 is divided by 26?
24
Calculate the remainder when 106 is divided by 52.
2
Calculate the remainder when 241 is divided by 120.
1
Calculate the remainder when 12767 is divided by 19.
18
What is the remainder when 326 is divided by 110?
106
Calculate the remainder when 693 is divided by 132.
33
What is the remainder when 8887 is divided by 18?
13
Calculate the remainder when 141 is divided by 37.
30
What is the remainder when 538 is divided by 9?
7
Calculate the remainder when 720 is divided by 239.
3
What is the remainder when 760 is divided by 123?
22
Calculate the remainder when 67 is divided by 33.
1
What is the remainder when 449 is divided by 74?
5
What is the remainder when 701 is divided by 178?
167
Calculate the remainder when 138 is divided by 112.
26
What is the remainder when 2007 is divided by 67?
64
What is the remainder when 1282 is divided by 216?
202
What is the remainder when 647 is divided by 108?
107
Calculate the remainder when 98 is divided by 18.
8
Calculate the remainder when 269 is divided by 48.
29
What is the remainder when 16803 is divided by 23?
13
What is the remainder when 361 is divided by 26?
23
What is the remainder when 4435 is divided by 54?
7
What is the remainder when 11499 is divided by 115?
114
Calculate the remainder when 739 is divided by 19.
17
Calculate the remainder when 429 is divided by 139.
12
Calculate the remainder when 251 is divided by 69.
44
Calculate the remainder when 1041 is divided by 58.
55
What is the remainder when 46 is divided by 18?
10
Calculate the remainder when 923 is divided by 33.
32
What is the remainder when 60 is divided by 17?
9
Calculate the remainder when 245 is divided by 51.
41
Calculate the remainder when 11874 is divided by 25.
24
Calculate the remainder when 390 is divided by 23.
22
Calculate the remainder when 83 is divided by 70.
13
What is the remainder when 1003 is divided by 53?
49
What is the remainder when 2995 is divided by 18?
7
What is the remainder when 2241 is divided by 66?
63
What is the remainder when 400 is divided by 133?
1
Calculate the remainder when 278 is divided by 49.
33
What is the remainder when 168 is divided by 35?
28
Calculate the remainder when 348 is divided by 37.
15
Calculate the remainder when 1191 is divided by 262.
143
Calculate the remainder when 223 is divided by 32.
31
What is the remainder when 2945 is divided by 134?
131
What is the remainder when 1183 is divided by 44?
39
Calculate the remainder when 99 is divided by 15.
9
What is the remainder when 253 is divided by 58?
21
Calculate the remainder when 83 is divided by 21.
20
Calculate the remainder when 65 is divided by 9.
2
What is the remainder when 357 is divided by 18?
15
Calculate the remainder when 535 is divided by 513.
22
Calculate the remainder when 324 is divided by 13.
12
Calculate the remainder when 4143 is divided by 68.
63
What is the remainder when 137 is divided by 25?
12
What is the remainder when 18407 is divided by 59?
58
What is the remainder when 198 is divided by 8?
6
What is the remainder when 2109 is divided by 96?
93
Calculate the remainder when 311 is divided by 52.
51
What is the remainder when 775 is divided by 27?
19
Calculate the remainder when 365 is divided by 83.
33
What is the remainder when 71 is divided by 38?
33
What is the remainder when 328 is divided by 86?
70
Calculate the remainder when 54 is divided by 19.
16
Calculate the remainder when 3832 is divided by 75.
7
Calculate the remainder when 411 is divided by 8.
3
Calculate the remainder when 76 is divided by 39.
37
Calculate the remainder when 839 is divided by 20.
19
What is the remainder when 362 is divided by 96?
74
What is the remainder when 2813 is divided by 69?
53
Calculate the remainder when 292 is divided by 59.
56
Calculate the remainder when 699 is divided by 38.
15
Calculate the remainder when 58 is divided by 45.
13
Calculate the remainder when 997 is divided by 5.
2
What is the remainder when 40 is divided by 3?
1
Calculate the remainder when 123 is divided by 38.
9
What is the remainder when 337 is divided by 13?
12
What is the remainder when 734 is divided by 11?
8
What is the remainder when 162 is divided by 73?
16
What is the remainder when 632 is divided by 107?
97
What is the remainder when 8316 is divided by 160?
156
Calculate the remainder when 836 is divided by 29.
24
Calculate the remainder when 178 is divided by 12.
10
What is the remainder when 18 is divided by 15?
3
Calculate the remainder when 25913 is divided by 73.
71
Calculate the remainder when 284 is divided by 42.
32
Calculate the remainder when 4217 is divided by 63.
59
Calculate the remainder when 7715 is divided by 227.
224
Calculate the remainder when 7828 is divided by 10.
8
What is the remainder when 108 is divided by 10?
8
What is the remainder when 418 is divided by 58?
12
What is the remainder when 91 is divided by 24?
19
What is the remainder when 822 is divided by 25?
22
What is the remainder when 113 is divided by 5?
3
What is the remainder when 157 is divided by 75?
7
What is the remainder when 1816 is divided by 52?
48
Calculate the remainder when 95 is divided by 17.
10
Calculate the remainder when 4239 is divided by 31.
23
What is the remainder when 29 is divided by 12?
5
Calculate the remainder when 659 is divided by 30.
29
What is the remainder when 166 is divided by 34?
30
What is the remainder when 549 is divided by 234?
81
What is the remainder when 286 is divided by 48?
46
Calculate the remainder when 1849 is divided by 231.
1
What is the remainder when 266 is divided by 47?
31
Calculate the remainder when 2389 is divided by 92.
89
What is the remainder when 567 is divided by 30?
27
What is the remainder when 290 is divided by 95?
5
Calculate the remainder when 87 is divided by 11.
10
What is the remainder when 723 is divided by 33?
30
What is the remainder when 149 is divided by 28?
9
What is the remainder when 2346 is divided by 27?
24
What is the remainder when 1380 is divided by 309?
144
Calculate the remainder when 1336 is divided by 11.
5
What is the remainder when 1868 is divided by 52?
48
What is the remainder when 113 is divided by 108?
5
What is the remainder when 7 is divided by 2?
1
What is the remainder when 5915 is divided by 2953?
9
What is the remainder when 590 is divided by 250?
90
What i